
In base 11, what is 6382242 - 4?
6382239
In base 5, what is 10131 - -304412?
320043
In base 14, what is 9a321ba - 2?
9a321b8
In base 15, what is 82 + -6b4c3?
-6b441
In base 11, what is -15899358 + -2?
-1589935a
In base 14, what is 52a7 - 47?
5260
In base 3, what is -10202020220220202 - -12?
-10202020220220120
In base 13, what is 5c9cb7 - -2a?
5ca014
In base 6, what is -1002 - 5341230?
-5342232
In base 6, what is -3 - -11441412415?
11441412412
In base 7, what is -1362 + -33343?
-35035
In base 14, what is -2 - 5776?
-5778
In base 4, what is -20113222022 + 1?
-20113222021
In base 8, what is 464672702 - 3?
464672677
In base 9, what is 1451505 + 145?
1451651
In base 6, what is -300250 + 11552?
-244254
In base 4, what is 210220 + 1332113?
2202333
In base 7, what is 51155 + -6315?
41540
In base 12, what is -5 - -2ba774?
2ba76b
In base 5, what is -140001231 + 1?
-140001230
In base 5, what is -13114404134242 + 2?
-13114404134240
In base 14, what is 132 + 71a69b?
71a7cd
In base 8, what is -5 + 52306322?
52306315
In base 2, what is -10110011101101011101011 + -1010100?
-10110011101101100111111
In base 12, what is 5 + 381481?
381486
In base 10, what is -675 - 130150?
-130825
In base 9, what is 51500686 - 0?
51500686
In base 9, what is 11 + 12760482?
12760503
In base 3, what is -1010 - -11111210120100?
11111210112020
In base 2, what is 1001000000 - -1100001011101?
1101010011101
In base 6, what is 3 + -13001323223?
-13001323220
In base 11, what is 174 + -765176?
-765002
In base 2, what is -11010000110010010101001000 - -1?
-11010000110010010101000111
In base 5, what is -334 - -313202?
312313
In base 10, what is -948 - 9477?
-10425
In base 11, what is 5575032 - 4?
5575029
In base 13, what is 1 + -340888?
-340887
In base 5, what is -11231031 - -220?
-11230311
In base 12, what is 10454 - -7?
1045b
In base 16, what is 1991 + -862?
112f
In base 15, what is 2 - -170c8c?
170c8e
In base 4, what is -3210112231 - 3?
-3210112300
In base 15, what is -eae50 - -1b5?
-eac8a
In base 13, what is 64 + -ab421?
-ab38a
In base 6, what is 3 - -3025110333?
3025110340
In base 14, what is 48 - 9b42b?
-9b3c3
In base 15, what is 2 + 29ce6b?
29ce6d
In base 3, what is 21101110121 + -21110?
21101012011
In base 7, what is -21612 + -42?
-21654
In base 6, what is -24334021 + 2?
-24334015
In base 13, what is -5 - -5b785c?
5b7857
In base 2, what is -10001 + -10001110100001001110110?
-10001110100001010000111
In base 16, what is 160 - -6c7a?
6dda
In base 16, what is -3346 + -49?
-338f
In base 13, what is 2bb29 + -2136?
299c3
In base 16, what is -24b234 - -4d?
-24b1e7
In base 12, what is 1b18 - 158?
1980
In base 12, what is -3 - -5481676?
5481673
In base 16, what is -492f4 - 21e?
-49512
In base 6, what is 21242105 - -3311?
21245420
In base 7, what is -146016364 - 16?
-146016413
In base 15, what is 145b3d - -12?
145b50
In base 12, what is -13824 + -243?
-13a67
In base 10, what is -2 - 51622658?
-51622660
In base 2, what is -1001 + -11001011101000011101011010?
-11001011101000011101100011
In base 9, what is -538 - -37145?
36506
In base 5, what is 143013224421 + 4?
143013224430
In base 2, what is -1001101000111 - -10101101000?
-110111011111
In base 3, what is 1022111 + -2100202102?
-2022102221
In base 15, what is 3e58 - 42c3?
-36a
In base 15, what is -4121c2 - 14?
-4121d6
In base 9, what is 0 - 70707802?
-70707802
In base 3, what is -212111202200021 + -12120?
-212111202212211
In base 14, what is -2459626 - 5?
-245962b
In base 14, what is 8a793 + 33?
8a7c6
In base 5, what is -2200 - -13421120?
13413420
In base 16, what is -191b + -2be?
-1bd9
In base 2, what is -1000011001110000001101101 + 100?
-1000011001110000001101001
In base 2, what is 0 - -11100010010010010100010110?
11100010010010010100010110
In base 13, what is 16422 + -55?
1639a
In base 5, what is 1 + -10342003401?
-10342003400
In base 12, what is -a + 1456b6a7?
1456b699
In base 15, what is cdd5 - 4172?
8c63
In base 10, what is 66198 + 9?
66207
In base 15, what is 33679de + -1?
33679dd
In base 2, what is -1000100 - 1000010101?
-1001011001
In base 10, what is -63493 - -17?
-63476
In base 3, what is 2210200200002011 - -2?
2210200200002020
In base 6, what is 2222351 + -4?
2222343
In base 6, what is 3 + 310014204?
310014211
In base 2, what is 101110100110001101001 - -101?
101110100110001101110
In base 16, what is 6cc3e + a?
6cc48
In base 2, what is 100 + -10000100111101000001111101?
-10000100111101000001111001
In base 16, what is 13da6 - 7df?
135c7
In base 3, what is -2120002000210 - 1220?
-2120002002200
In base 14, what is 1 - 1784a3?
-1784a2
In base 13, what is -b5 + 992a96?
9929b1
In base 11, what is -1a8949271 + -1?
-1a8949272
In base 4, what is -3123 - 22321133331?
-22321203120
In base 13, what is -4b + -27297c?
-2729ca
In base 8, what is -35035 + -1235?
-36272
In base 6, what is -25122144201 - 1?
-25122144202
In base 3, what is 1012 + -2010200202021?
-2010200201002
In base 16, what is 5ad - 213?
39a
In base 3, what is 220 + 11102210202212120?
11102210202220110
In base 14, what is -4 - 52b92?
-52b96
In base 5, what is -313 - -1032243?
1031430
In base 5, what is -1301143042 - -21?
-1301143021
In base 2, what is 1110110011 + 1011010011101010?
1011100010011101
In base 16, what is -d - 19523?
-19530
In base 3, what is -11212002001 + 1210110?
-11210021121
In base 2, what is -110101001101010001 + -10000?
-110101001101100001
In base 14, what is -2 - -1cdc4648?
1cdc4646
In base 15, what is -33d8 + d8c?
-254b
In base 4, what is 2122110330022 + -10?
2122110330012
In base 16, what is 88e4 - -de2?
96c6
In base 13, what is 10a + 223cc?
22509
In base 6, what is -2505 + 12131341?
12124432
In base 14, what is -2691 - 131c?
-39ad
In base 6, what is -150224 - -3403?
-142421
In base 14, what is -b945 - -c1d?
-ab26
In base 11, what is -857390 - 62?
-857442
In base 12, what is -1 - 485855?
-485856
In base 11, what is -42 - 95032?
-95074
In base 6, what is 53004200 + 331?
53004531
In base 2, what is 10 - 111001001000011000100000001?
-111001001000011000011111111
In base 7, what is 52 - -22026?
22111
In base 6, what is 4 + 554305143?
554305151
In base 16, what is -5e3ac + -463?
-5e80f
In base 14, what is -9d230 + 11?
-9d21d
In base 4, what is 2 + 13201122320?
13201122322
In base 14, what is -c94 + -301cc?
-31082
In base 10, what is -5 - -3313166?
3313161
In base 10, what is -891431 + -16?
-891447
In base 11, what is -481a + -1256?
-5a75
In base 3, what is 10210212112002 + -102?
10210212111200
In base 6, what is 52 + 10452544?
10453040
In base 8, what is -3 + 230632542?
230632537
In base 11, what is 5996a53 + -5?
5996a49
In base 6, what is 5300 + -10302525?
-10253225
In base 7, what is -22 - 1243024450?
-1243024502
In base 10, what is 882667246 - 4?
882667242
In base 14, what is -2cb5 - 115?
-2dca
In base 2, what is 11110111 - -111010000001001110?
111010000101000101
In base 14, what is -55d + 102255?
101ad6
In base 2, what is -101111100000001000100111001 + 1?
-101111100000001000100111000
In base 8, what is 5 + -125420?
-125413
In base 8, what is -1754603 - -27?
-1754554
In base 14, what is -73905 - -6?
-738dd
In base 8, what is -110100332 - -32?
-110100300
In base 14, what is b958 - -ba?
ba34
In base 6, what is -1 + -2340414031?
-2340414032
In base 2, what is 1011010100100 - 1101101?
1011000110111
In base 6, what is 345434 + 2111?
351545
In base 12, what is 74 + -1004845?
-1004791
In base 3, what is 110202000210 + 100211?
110202101121
In base 4, what is -131203021012 + -10?
-131203021022
In base 2, what is 110000110 - -100011000011001100?
100011001001010010
In base 11, what is 882891 + -aa?
882792
In base 9, what is 83 + 13676343?
13676436
In base 5, what is -3044 + -22103044?
-22111143
In base 14, what is 12917 + -4a?
128ab
In base 11, what is 8581555 - 13?
8581542
In base 14, what is 5 + -81aa54?
-81aa4d
In base 8, what is 1 - 27037272?
-27037271
In base 13, what is 898594 - -2a?
8985c1
In base 6, what is -5 - -1122010553?
1122010544
In base 11, what is 13068 - -3234?
162a1
In base 9, what is -2 - -175056423?
175056421
In base 4, what is 210 + 120110322?
120111132
In base 5, what is -4024341 + -32311?
-4112202
In base 15, what is 12421 + 21?
12442
In base 2, what is -10110000010 + 1100110000110000?
1100011010101110
In base 10, what is -6948 - -625?
-6323
In ba